{"id":4892,"date":"2022-04-05T13:54:45","date_gmt":"2022-04-05T13:54:45","guid":{"rendered":"https:\/\/patiotime.loftocean.com\/demo2\/?page_id=4892"},"modified":"2025-05-13T01:10:53","modified_gmt":"2025-05-12T23:10:53","slug":"contact","status":"publish","type":"page","link":"https:\/\/brasserie-lauthentique.lu\/index.php\/contact\/","title":{"rendered":"Contact"},"content":{"rendered":"\t\t<div data-elementor-type=\"wp-page\" data-elementor-id=\"4892\" class=\"elementor elementor-4892\">\n\t\t\t\t\t\t<section class=\"elementor-section elementor-top-section elementor-element elementor-element-22919a6e pt-section-content-fullwidth pt_scroll_y_150 pt-parallax-on-scroll elementor-section-boxed elementor-section-height-default elementor-section-height-default\" data-id=\"22919a6e\" data-element_type=\"section\" data-e-type=\"section\" data-settings=\"{&quot;background_background&quot;:&quot;classic&quot;}\" data-pt-parallax-y=\"150\" style=\"background-image: none;\" data-pt-background-image=\"https:\/\/patiotime.loftocean.com\/demo3\/wp-content\/uploads\/sites\/3\/2022\/04\/ash-edmonds-96EOKC5d200-unsplash.jpg\">\n\t\t\t\t\t\t\t<div class=\"elementor-background-overlay\"><\/div>\n\t\t\t\t\t\t\t<div class=\"elementor-container elementor-column-gap-no\">\n\t\t\t\t\t<div class=\"elementor-column elementor-col-100 elementor-top-column elementor-element elementor-element-506879d8 dark-color\" data-id=\"506879d8\" data-element_type=\"column\" data-e-type=\"column\">\n\t\t\t<div class=\"elementor-widget-wrap elementor-element-populated\">\n\t\t\t\t\t\t<div class=\"elementor-element elementor-element-78737567 elementor-widget elementor-widget-pt_title\" data-id=\"78737567\" data-element_type=\"widget\" data-e-type=\"widget\" data-widget_type=\"pt_title.default\">\n\t\t\t\t<div class=\"elementor-widget-container\">\n\t\t\t\t\t\n        <div class=\"pt-title-wrap text-center\">\t            <h1 class=\"pt-title\">\n\t                Contactez-nous\t            <\/h1>        <\/div>\t\t\t\t<\/div>\n\t\t\t\t<\/div>\n\t\t\t\t\t<\/div>\n\t\t<\/div>\n\t\t\t\t\t<\/div>\n\t\t<\/section>\n\t\t<div class=\"elementor-element elementor-element-e44a585 e-flex e-con-boxed e-con e-parent\" data-id=\"e44a585\" data-element_type=\"container\" data-e-type=\"container\">\n\t\t\t\t\t<div class=\"e-con-inner\">\n\t\t\t\t<div class=\"elementor-element elementor-element-1f9d8f8 elementor-widget elementor-widget-pt_title\" data-id=\"1f9d8f8\" data-element_type=\"widget\" data-e-type=\"widget\" data-widget_type=\"pt_title.default\">\n\t\t\t\t<div class=\"elementor-widget-container\">\n\t\t\t\t\t\n        <div class=\"pt-title-wrap text-center\">\t            <div class=\"pt-subtitle-wrap\"><span class=\"pt-subtitle\">Notre localit\u00e9<\/span><\/div>\t            <h4 class=\"pt-title\">\n\t                O\u00f9 nous trouver?\t            <\/h4>\t            <div class=\"pt-title-text\">\n\t                <p>Le restaurant est situ\u00e9 au 42 avenue du Bois, au plein coeur du Limpertsberg, \u00e0 Luxembourg Ville.<\/p><p>Pr\u00e8s du Hall Victor Hugo et de l&rsquo;Eglise Saint Joseph, juste en face du grand parking (du Hall Victor Hugo), id\u00e9al pour se garer facilement.<\/p>\t            <\/div>        <\/div>\t\t\t\t<\/div>\n\t\t\t\t<\/div>\n\t\t\t\t\t<\/div>\n\t\t\t\t<\/div>\n\t\t\t\t<section class=\"elementor-section elementor-top-section elementor-element elementor-element-52fd65fb elementor-section-boxed elementor-section-height-default elementor-section-height-default\" data-id=\"52fd65fb\" data-element_type=\"section\" data-e-type=\"section\" data-settings=\"{&quot;background_background&quot;:&quot;classic&quot;}\">\n\t\t\t\t\t\t<div class=\"elementor-container elementor-column-gap-no\">\n\t\t\t\t\t<div class=\"elementor-column elementor-col-50 elementor-top-column elementor-element elementor-element-181a9750\" data-id=\"181a9750\" data-element_type=\"column\" data-e-type=\"column\">\n\t\t\t<div class=\"elementor-widget-wrap elementor-element-populated\">\n\t\t\t\t\t\t<div class=\"elementor-element elementor-element-4ee9a75 elementor-widget elementor-widget-pt_social\" data-id=\"4ee9a75\" data-element_type=\"widget\" data-e-type=\"widget\" data-widget_type=\"pt_social.default\">\n\t\t\t\t<div class=\"elementor-widget-container\">\n\t\t\t\t\t<nav id=\"4ee9a75-social-menu-container\" class=\"social-navigation\"><ul id=\"4ee9a75-social-menu\" class=\"social-nav menu text-center-tablet\"><li class=\"menu-item menu-item-type-custom menu-item-object-custom menu-item-6128\"><a href=\"https:\/\/www.facebook.com\/profile.php?id=100042114415674\">Facebook<\/a><\/li>\n<li class=\"menu-item menu-item-type-custom menu-item-object-custom menu-item-6130\"><a href=\"https:\/\/www.instagram.com\/brasserielauthentique?utm_source=ig_web_button_share_sheet&#038;igsh=ZDNlZDc0MzIxNw==\">Instagram<\/a><\/li>\n<li class=\"menu-item menu-item-type-custom menu-item-object-custom menu-item-6129\"><a href=\"https:\/\/www.twitter.com\/#\">Twitter<\/a><\/li>\n<li class=\"menu-item menu-item-type-custom menu-item-object-custom menu-item-6131\"><a href=\"https:\/\/www.pinterest.com\/#\">Pinterest<\/a><\/li>\n<li class=\"menu-item menu-item-type-custom menu-item-object-custom menu-item-6132\"><a href=\"https:\/\/www.youtube.com\/#\">YouTube<\/a><\/li>\n<\/ul><\/nav>\t\t\t\t<\/div>\n\t\t\t\t<\/div>\n\t\t\t\t<div class=\"elementor-element elementor-element-18c882a6 elementor-widget elementor-widget-pt_title\" data-id=\"18c882a6\" data-element_type=\"widget\" data-e-type=\"widget\" data-widget_type=\"pt_title.default\">\n\t\t\t\t<div class=\"elementor-widget-container\">\n\t\t\t\t\t\n        <div class=\"pt-title-wrap text-center-tablet\">\t            <div class=\"pt-subtitle-wrap\"><span class=\"pt-subtitle\">entrons en contact !<\/span><\/div>\t            <h5 class=\"pt-title\">\n\t                Contactez-nous\t            <\/h5>\t            <div class=\"pt-title-text\">\n\t                <p>Comment pouvons-nous vous aider? Tous les commentaires et les questions sont les bienvenus.<\/p><p><span style=\"font-size: inherit; font-family: var(--body-font);\">Vous pouvez nous envoyer un e-mail \u00e0<b>\u00a0<\/b><\/span><a style=\"font-size: var(--post-text-size); font-family: var(--body-font);\" href=\"mailto: contact@brasserie-lauthentique.lu\" target=\"_blank\" rel=\"noopener\">contact@brasserie-lauthentique.lu<\/a><\/p><p>Nous sommes \u00e9galement joignables par t\u00e9l\u00e9phone au\u00a0<a href=\"mailto:+390551234567\">(352)<\/a>27 47 87 73.<br \/>Nous avons h\u00e2te d&rsquo;\u00e9changer avec vous.<\/p>\t            <\/div>        <\/div>\t\t\t\t<\/div>\n\t\t\t\t<\/div>\n\t\t\t\t\t<\/div>\n\t\t<\/div>\n\t\t\t\t<div class=\"elementor-column elementor-col-50 elementor-top-column elementor-element elementor-element-f019041\" data-id=\"f019041\" data-element_type=\"column\" data-e-type=\"column\">\n\t\t\t<div class=\"elementor-widget-wrap elementor-element-populated\">\n\t\t\t\t\t\t<div class=\"elementor-element elementor-element-f74f421 elementor-widget elementor-widget-html\" data-id=\"f74f421\" data-element_type=\"widget\" data-e-type=\"widget\" data-widget_type=\"html.default\">\n\t\t\t\t<div class=\"elementor-widget-container\">\n\t\t\t\t\t<tbkr-bm-widget restaurant-id=\"18030593\" source=\"website\" use-modal=\"1\" lang=\"fr\" theme=\"light\"><\/tbkr-bm-widget>\n<script src=\"https:\/\/reservations.tablebooker.com\/tbkr-widget-import.min.js\"><\/script>\t\t\t\t<\/div>\n\t\t\t\t<\/div>\n\t\t\t\t\t<\/div>\n\t\t<\/div>\n\t\t\t\t\t<\/div>\n\t\t<\/section>\n\t\t\t\t<\/div>\n\t\t","protected":false},"excerpt":{"rendered":"<p>Contactez-nous Notre localit\u00e9 O\u00f9 nous trouver? Le restaurant est situ\u00e9 au 42 avenue du Bois, au plein coeur du Limpertsberg, \u00e0 Luxembourg Ville. Pr\u00e8s du Hall Victor Hugo et de l&rsquo;Eglise Saint Joseph, juste en face du grand parking (du Hall Victor Hugo), id\u00e9al pour se garer facilement. Facebook Instagram Twitter Pinterest YouTube entrons en &#8230;<\/p>\n","protected":false},"author":1,"featured_media":0,"parent":0,"menu_order":0,"comment_status":"closed","ping_status":"closed","template":"template-wide-content.php","meta":{"patiotime_single_page_hide_site_header":"","patiotime_single_page_site_header_source":"","patiotime_single_page_custom_site_header":"0","patiotime_single_page_custom_sticky_site_header":"0","patiotime_single_page_custom_page_title_margin_top_source":"","patiotime_single_page_custom_page_title_desktop_margin_top":"","patiotime_single_page_custom_page_title_tablet_margin_top":"","patiotime_single_page_custom_page_title_mobile_margin_top":"","patiotime_single_page_hide_page_title":"on","patiotime_single_page_header_section_size":"","patiotime_single_page_header_background_color":"","patiotime_single_page_header_background_position_x":"center","patiotime_single_page_header_background_position_y":"center","patiotime_single_page_header_background_size":"cover","patiotime_single_page_header_background_repeat":"off","patiotime_single_page_header_background_scroll":"on","patiotime_single_page_header_text_color":"","patiotime_single_page_header_show_breadcrumb":"","patiotime_single_page_site_footer_hide_main":"","patiotime_single_custom_site_footer_main_source":"","patiotime_single_custom_site_footer_main":"0","patiotime_single_page_site_footer_hide_above":"on","patiotime_single_custom_site_footer_above_source":"","patiotime_single_custom_site_footer_above":"0","patiotime_single_page_site_footer_hide_instagram":"","patiotime_single_page_site_footer_hide_bottom":"","patiotime_single_custom_mobile_menu_source":"","patiotime_single_custom_mobile_menu":"0","patiotime_single_custom_mobile_menu_animation":"","patiotime_single_custom_mobile_menu_width":"","patiotime_single_custom_mobile_menu_custom_width":375,"footnotes":""},"class_list":["post-4892","page","type-page","status-publish","hentry"],"_links":{"self":[{"href":"https:\/\/brasserie-lauthentique.lu\/index.php\/wp-json\/wp\/v2\/pages\/4892","targetHints":{"allow":["GET"]}}],"collection":[{"href":"https:\/\/brasserie-lauthentique.lu\/index.php\/wp-json\/wp\/v2\/pages"}],"about":[{"href":"https:\/\/brasserie-lauthentique.lu\/index.php\/wp-json\/wp\/v2\/types\/page"}],"author":[{"embeddable":true,"href":"https:\/\/brasserie-lauthentique.lu\/index.php\/wp-json\/wp\/v2\/users\/1"}],"replies":[{"embeddable":true,"href":"https:\/\/brasserie-lauthentique.lu\/index.php\/wp-json\/wp\/v2\/comments?post=4892"}],"version-history":[{"count":15,"href":"https:\/\/brasserie-lauthentique.lu\/index.php\/wp-json\/wp\/v2\/pages\/4892\/revisions"}],"predecessor-version":[{"id":7241,"href":"https:\/\/brasserie-lauthentique.lu\/index.php\/wp-json\/wp\/v2\/pages\/4892\/revisions\/7241"}],"wp:attachment":[{"href":"https:\/\/brasserie-lauthentique.lu\/index.php\/wp-json\/wp\/v2\/media?parent=4892"}],"curies":[{"name":"wp","href":"https:\/\/api.w.org\/{rel}","templated":true}]}}